 a - 3, -5*n - 2*a + 17 + 9 = 0. Suppose -2*z = -n*z + 308. List the prime factors of z.
2, 7, 11
Let v be ((-24)/4 - -4) + 1. What are the prime factors of (-2 - (v - 8/6))*303?
101
Let a be -1*(1 + -4 - 0). Suppose 5*s - 7*k + 3*k = 63, -3*k = -9. Let j = a + s. List the prime factors of j.
2, 3
Suppose 71 = 5*h - 4*g + g, 0 = -2*h + 4*g + 20. Let f = 99 + h. What are the prime factors of f?
5, 23
Let t(a) = a - 30. Let x be t(0). What are the prime factors of 3 - x/(4 - 1)?
13
Let z = -75 + 114. Suppose -27 - z = -3*k. What are the prime factors of k?
2, 11
List the prime factors of (-1558)/(-20)*4 - (-40)/100.
2, 3, 13
Let n be 27/3 - 12/3. What are the prime factors of (-4)/10 - (-287)/n?
3, 19
Let i(u) = 7*u**2 + 27*u + 5. Let q be i(-5). Suppose 5*g = 2*f - 155, 2*f + q = 2*g + 197. List the prime factors of f.
3, 5
Suppose z + 3 - 11 = 0. Let g(u) = 8 + u - 24 + 7 + 7. List the prime factors of g(z).
2, 3
Let u = -2 + -30. Let f = u - -64. List the prime factors of f.
2
Suppose l - 682 = -0*l. What are the prime factors of l/33*6/4?
31
Suppose -m + 3*m + 4*j - 52 = 0, j - 3 = 0. Let r = 19 - m. List the prime factors of r/(4/(-200)) + -4.
2, 23
Let t be 4/(-14) + (-4944)/(-56). Let q = 182 - t. Suppose 0*z + z + 96 = 2*m, -2*m = -2*z - q. List the prime factors of m.
7
Suppose 4*x = 3*y + 1171, -2*x + 616 - 35 = 3*y. Suppose -122 = -6*a + x. List the prime factors of a.
3, 23
Let o(a) = -a**3 + 18*a**2 - 6*a - 37. List the prime factors of o(13).
2, 5, 73
Suppose -7 - 1 = -2*w. Suppose -27 = -4*r + 3*m, 2*m + 0*m = w*r - 26. Suppose 3 = t - b, r*b = -2*t + 2*b + 30. What are the prime factors of t?
7
Let c be (66/(-88))/(1/(-8)). Let d = -5 + 3. What are the prime factors of c/2 - 64/d?
5, 7
Let y(g) = -246*g + 24. List the prime factors of y(-4).
2, 3, 7
Suppose -o + 307 + 27 = 0. Suppose a = -3*m + 118, 3*a + 3*m - o = -2*m. List the prime factors of a.
103
Suppose -3*a + 413 = -4*z, -645 = -5*a - z - z. Let w = -65 + a. List the prime factors of w.
2, 3, 11
Let s(n) = -3*n**3 + 5*n**2 + 0*n - 3*n + 2*n**3 + 3. Let z be s(3). Let w = z + 11. List the prime factors of w.
23
What are the prime factors of ((-288)/112)/((-3)/(-21))*-22?
2, 3, 11
Let a = -529 - -646. What are the prime factors of a?
3, 13
Suppose 3*w = -2*w + 50. Suppose -w = p - 6*p. Suppose p*s + 2*s = 24. List the prime factors of s.
2, 3
Let z be 5 + -9 + 2 - (-3 - 0). Let c(i) = -i**3 + 3*i**2 - 1. Let h be c(4). Let p = z - h. List the prime factors of p.
2, 3
Let l = 20 + -94. Let g be 8/(-28) + l/(-14). Suppose s = g*c - 270, -5*c + c + 216 = -3*s. What are the prime factors of c?
2, 3
Let u(l) = 4*l**2 - 2*l - 12. Suppose n - 2 = 4*j, 5*n = -2*j + 4*j + 28. List the prime factors of u(n).
2, 3, 5
Let u be 33/9 + (-2)/(-6). Suppose 3*r + 0*r = k - 14, -u*r = -k + 15. Let o = 1 + k. List the prime factors of o.
2, 3
Let f(p) = 11*p - 17. Let y(w) = 7*w - 11. Let i(l) = -5*f(l) + 8*y(l). Let a be i(-6). Let z(n) = n**3 + 10*n**2 + 8*n + 11. List the prime factors of z(a).
2, 5
Suppose -4*w - 18*w + 17050 = 0. What are the prime factors of w?
5, 31
Let q = 4204 - 2456. List the prime factors of q.
2, 19, 23
Let v = 167 - 95. What are the prime factors of v?
2, 3
Let u(m) = -5*m - 28. Let o be u(-6). Suppose -2*j - a = -452, -3*j + a + 678 = o*a. List the prime factors of j.
2, 113
Let m = -59 - -99. Let r be ((-11)/(-11))/(2/4). Suppose -5*i - 130 = -5*o, 0 = 3*o - r*i - 39 - m. List the prime factors of o.
3
Suppose -t - 4*t + 288 = -n, 4*n + 50 = t. Suppose 5*w = -q - 73, -5*w + 3*q = -q + t. Let h = -12 - w. List the prime factors of h.
2
Suppose -4*l + 0*g - 3*g + 7942 = 0, 0 = 3*l + 5*g - 5962. List the prime factors of l.
2, 31
Suppose 0 = -2*z - z. Let x be 80 - (1 + z - 1). Let g = x - 47. List the prime factors of g.
3, 11
Let i(w) = 38*w**2 - 6*w - 2. Let j(q) = 5*q - 13. Let p be j(3). What are the prime factors of i(p)?
2, 3, 23
Let k(s) = -4*s - 10. Let h be k(-3). Suppose 4*f - 13*b = -14*b + 664, -h*f = 4*b - 332. List the prime factors of f.
2, 83
Let s = -2006 - -2813. What are the prime factors of s?
3, 269
Let c be ((-18)/(-2))/(15/10). List the prime factors of c/33 - (-1576)/44.
2, 3
Let x be 4/(-20) - 822/15. Let r = -81 - x. What are the prime factors of r/(-2) - (6 + -4)?
11
Let p(w) = 16*w - 4. Let a = -6 - 4. Let f = -7 - a. What are the prime factors of p(f)?
2, 11
Let v be (-6)/(-30) + 0 + 11/(-5). List the prime factors of (6 - 10)*(v + -28).
2, 3, 5
Let a(z) = -12*z**3 - z**2 - z - 1. Let f = 37 + -39. List the prime factors of a(f).
3, 31
Suppose 266 = 4*o - 322. Let h = -104 + o. List the prime factors of h.
43
Let q be (-1)/(1 + 1)*-8. Suppose 0 = q*z - 4*h - 0*h - 172, -2*z = -5*h - 101. List the prime factors of z.
2, 19
Let c(k) = 13*k - 9. Let l(b) = 65*b - 44. Let f(d) = 11*c(d) - 2*l(d). Let z be f(8). Suppose -5*h = -a - a - z, 2*a = -2*h + 26. List the prime factors of h.
17
Let o be 885/(-33) - ((-93)/33 - -3). Let c = 97 + o. What are the prime factors of c?
2, 5, 7
Suppose -3*i - 9 = l, 0*l + 3*i - 9 = -4*l. Let g(f) = f**3 - 5*f**2 + 4*f - 1. List the prime factors of g(l).
59
Let a(r) = 290*r**2 + 4*r - 9. What are the prime factors of a(2)?
19, 61
Let j(l) = -2*l**2 + 15*l - 3. Let n be j(7). Suppose t - 2 = -5*g - 4, n*t - 7 = -5*g. Suppose -6*r = -t*r - 66. What are the prime factors of r?
2, 11
Let b = 6248 + -3344. What are the prime factors of b?
2, 3, 11
Suppose -4*k = 4*c - 1120, 5*c - 1677 + 261 = 3*k. Let y = 475 - c. Let i = y - 129. What are the prime factors of i?
2
Let p = 4577 - 2320. List the prime factors of p.
37, 61
Let a(s) = -6*s**3 + 19*s**2 + 72*s + 5. List the prime factors of a(-5).
2, 3, 5, 29
Let b = 74 + -70. Suppose -b*a + 2110 = 6*a. List the prime factors of a.
211
Let u = -408 + 416. Let r(t) = t + 6*t**2 - 5*t**2 - 3*t + 1. What are the prime factors of r(u)?
7
Suppose 20 = 4*w, -2*w + 988 = 2*n - 234. What are the prime factors of n?
2, 3, 101
Let c(b) = -b**3 - 7*b**2 + 9*b + 10. Let t be (1 - 14) + (-88)/(-22). What are the prime factors of c(t)?
7, 13
Suppose 5*b + 3*d - 7825 = 0, -8*d + 3*d = 5*b - 7825. List the prime factors of b.
5, 313
Suppose -5*w + 1 = -89. Let r = -16 + w. Suppose -r*i - 86 = -5*u, 2*u + i - 1 - 28 = 0. What are the prime factors of u?
2
Let u(q) = -q**3 + 6*q**2 - 7*q + 9. Let x be u(4). List the prime factors of (38 + -1)/(14 - x).
37
Let l be (39/6)/((-2)/156). What are the prime factors of (68/6)/((-26)/l)?
13, 17
Let s(u) = 18*u**2 + 174*u - 12. What are the prime factors of s(-23)?
2, 3, 17
Suppose -a + 216 = 2*n - 6*n, 2*n = -3*a - 94. Let u = n + 38. List the prime factors of u/10 + 178/4.
43
Suppose 3*v - 7*f - 344 = -3*f, -2*f = 2*v - 234. Suppose -j + v = -53. List the prime factors of j.
13
List the prime factors of (-1*819)/(((-900)/24)/25).
2, 3, 7, 13
Let a(d) = 6*d + 6*d**3 - 16*d**2 + 5*d - 5*d**3 - 11 - 13. What are the prime factors of a(16)?
2, 19
Suppose -16*i = -17 - 47. Suppose -d + 3*d - i*n = 246, 5*n = -3*d + 336. What are the prime factors of d?
3, 13
Suppose -706 - 1004 = -15*s. List the prime factors of s.
2, 3, 19
Let n(d) = 132*d + 8. What are the prime factors of n(5)?
2, 167
Suppose 94*d - 157*d = -107667. List the prime factors of d.
1709
Suppose -5*q + 26588 = -g, 150*g - 155*g - 5308 = -q. What are the prime factors of q?
2, 2659
Let v be ((-2)/(-4))/(1/(-72)). Let n = v - 24. What are the prime factors of (-12)/4*n/9?
2, 5
Suppose -m + d - 22 = 30, 0 = -5*d. Let k = -23 - m. List the prime factors of k.
29
What are the prime factors of (-2820)/3*(-4 + (-65)/(-20))?
3, 5, 47
Let l(r) = -5*r**3 + 3*r**2 + 8*r + 4. Let g(z) = -6*z**3 + 2*z**2 + 8*z + 3. Let i(m) = -4*g(m) + 5*l(m). What are the prime factors of i(7)?
2
Suppose 3*u + 131 = -k, 0 = -4*u + k - 0*k - 184. Let t = 10 - u. What are the prime factors of t?
5, 11
Let k(m) = 2*m**2 + 2*m + 1. Let p(b) = 5*b**2 + 4*b + 2. Let c(l) = -13*k(l) + 6*p(l). Let u be c(-1). Let q = 12 + u. List the prime factors of q.
17
Let b = -23 + 24. Let x = b - -17. List the prime factors of x.
2, 3
Let a be 490 - (-1 + 5)/2. Suppose 3*r - a = -161. List the prime factors of r.
109
Let d = 11 - 15. Let h = 70 + d. List the prime factors of h.
2, 3, 11
List the prime factors of (-1)/3